Suppose -q + 27 = 2*q. Suppose 3*u = 2*m - 57, 0 - 11 = -m + 5*u. Suppose 3*g = 5*g - m. Calculate the highest common factor of g and q.
9
Let v be ((-30)/40)/((-1)/4). Calculate the highest common divisor of 3 and v.
3
Let o be (-1964)/(-14) + (-10)/35. What is the greatest common divisor of o and 28?
28
Suppose 0 = j + 4*j - 500. Calculate the greatest common divisor of j and 40.
20
Suppose -38 = -5*m + 2. What is the highest common factor of 8 and m?
8
Let f = 3 + -3. Suppose f = 5*j + 15, -2*b - 4*j + 2 + 0 = 0. Let s be 20/15*7*3. Calculate the highest common divisor of b and s.
7
Let h = 68 - 66. Let s(n) = 2*n - 5. Let q be s(5). What is the greatest common factor of h and q?
1
Let m(y) = y - 7*y + y**2 - 2*y. Let k be m(9). Calculate the highest common factor of 18 and k.
9
Let b be (-6)/12 + 162/4. Suppose -c - c = -b. Let j be 55/c*(5 + -1). What is the greatest common factor of j and 55?
11
Suppose -55 = -k + 26. What is the greatest common factor of 54 and k?
27
Let q = -12 + 68. What is the highest common divisor of 14 and q?
14
Let p(r) = -16*r. Let n be p(-2). Let d = n - 16. Let f(u) = u**3 - 6*u**2 - 5*u + 2. Let k be f(7). Calculate the highest common factor of k and d.
16
Suppose -5*z = -w - 23, 2*z - 58 = 2*w + 4*z. Let n = 73 + w. Calculate the greatest common factor of 9 and n.
9
Suppose -42 - 26 = -2*g. Suppose 0 = -j - 2*j + 27. Let b = 8 + j. Calculate the greatest common divisor of g and b.
17
Let c(x) = 8*x + 3. Let o be c(12). Suppose 12 = 5*j - 13, -4*p + 4*j + 16 = 0. What is the highest common factor of p and o?
9
Let n(y) = -y**2 - 6*y + 7. Let r be n(-7). Let j = r + 4. Let a(i) = -i**2 + 11*i - 12. Let w be a(8). What is the greatest common divisor of w and j?
4
Let v = 1 + 6. Let c = v + -3. Let s be 8 + 29 - -3*1. Calculate the highest common divisor of c and s.
4
Suppose -q - f = -70, 2*f + 0*f + 292 = 4*q. What is the greatest common divisor of q and 48?
24
Suppose 4*r = 3*t - 153, -4*t + 180 = -t + 5*r. Suppose 6*l - 400 + 334 = 0. What is the highest common divisor of t and l?
11
Let p = -51 - -171. Let g be 156/12 - -2*1. Calculate the highest common divisor of g and p.
15
Let j be (-3 + 5)/6*24. What is the greatest common factor of j and 8?
8
Let n(c) = c**3 + 4*c**2 - 3*c - 2. Let v be n(-4). Suppose 0 = -2*k - r + 3, -4*r = 5*k - 2*r - v. Calculate the greatest common factor of k and 32.
4
Let z be (-25 - -1)*(-3)/6. Let g(k) = -11*k + 2. Let p be g(-2). Calculate the highest common factor of z and p.
12
Suppose -4*c + 138 + 610 = 0. Calculate the highest common factor of c and 17.
17
Let u be 3/6*(28 - (-4)/2). What is the greatest common factor of 135 and u?
15
Let h(w) = w**2 - 13*w + 5. Let f be h(15). Calculate the highest common factor of 21 and f.
7
Let d be 124/44 + (18/33)/3. Calculate the greatest common factor of 15 and d.
3
Suppose -2*q + 2*c + 12 = 0, 0*c = -2*c - 4. Let y = 117 + -73. What is the greatest common factor of y and q?
4
Suppose 4*y = -y. Suppose 5*k + 5*u - 90 = y, 2*k - 78 = -3*k - u. What is the greatest common factor of k and 105?
15
Let s be (10/15 + (-14)/(-3))*69. What is the highest common factor of s and 46?
46
Let s be 3*((-40)/(-6))/(-1). Let a = -2 - s. Calculate the highest common divisor of a and 27.
9
Let y = -9 - -39. What is the highest common divisor of y and 20?
10
Let a be (-14)/56 - (-7)/(-4). Let q be 63 + (3 - (a - -2)). Calculate the greatest common factor of 6 and q.
6
Let r be (10/15)/(2/9). Suppose 0 = r*i - q - 23, 0 = 2*i - 3*i + 5*q + 17. What is the greatest common divisor of i and 7?
7
Let d(v) = 3*v - 4. Let o be d(3). Suppose 3*f = 4*f - o. Let z = -3 - -8. What is the greatest common factor of f and z?
5
Suppose -9*t - 2*t = -44. What is the highest common divisor of t and 28?
4
Let b(c) be the third derivative of c**6/120 - c**5/30 - c**4/12 + 2*c**2. Let v be b(3). Calculate the highest common factor of v and 24.
3
Suppose 0 = -2*x - 0 + 2. Let z be (45/10)/(x/2). What is the highest common factor of z and 45?
9
Let r = -5 - -9. What is the highest common divisor of r and 44?
4
Let b(j) = -39*j - 5. Let d be b(-1). Suppose 0*l - 17 = -l. Calculate the highest common divisor of l and d.
17
Let q be -2*1*(-10)/20. Let s be -2 + 3 + q + -18. Let v = s - -65. What is the highest common divisor of v and 7?
7
Let u(i) = i + 2. Let p(j) = -3*j - 7. Let k(b) = -3*p(b) - 8*u(b). Let x be k(-5). Suppose -2*n - 1 + 31 = x. What is the greatest common factor of 30 and n?
15
Let h(g) = g + 3. Let j be h(5). Calculate the highest common factor of 6 and j.
2
Let v = 149 - 72. Calculate the greatest common factor of 22 and v.
11
Let u(y) = y**2 - 3*y - 4. Let l be u(5). What is the greatest common divisor of 4 and l?
2
Suppose 2*j - 20 = 60. Calculate the greatest common factor of j and 5.
5
Suppose -2*t + 16 = -0*t. Suppose 1 + t = g + h, -2*h = -4*g + 60. Calculate the greatest common factor of g and 104.
13
Suppose s - 3*r = 4, 4*s + s - 2*r = 59. Let a = -5 + s. Calculate the greatest common factor of 8 and a.
8
Let b be 3 + -1 + (-4 - -1). Let i be -2 + b/1*-18. Suppose 3*f + f - 448 = 0. Calculate the greatest common factor of f and i.
16
Let g(u) = u**2 - 8*u - 4. Let n be g(-6). Calculate the greatest common divisor of 20 and n.
20
Suppose -t = -6*t + 160. What is the greatest common divisor of 80 and t?
16
Let a = -180 - -315. Let d = 223 - a. Calculate the greatest common divisor of d and 8.
8
Let w(t) = -t - 1. Let k be w(-5). Suppose 2*o + 2*f - 36 = 0, 0*o + 2*f = -4*o + 68. What is the highest common factor of k and o?
4
Let a be (-3)/(30/28)*5. Let l be (-97)/3 - a/(-21). Let b = 49 + l. Calculate the greatest common divisor of 2 and b.
2
Let h(f) = f**3 - 2*f**2 + 7*f - 7. Let g be h(2). What is the greatest common factor of 7 and g?
7
Let l = 14 - 7. What is the greatest common factor of 35 and l?
7
Suppose 4*d - 106 = 5*t, -d = -4*t - 3*d - 64. Let u = 13 + t. Let s be (2 + u)/(-3)*65. What is the highest common divisor of s and 26?
13
Suppose 16 = 10*n - 6*n. Let d be n/(-10) + 426/15. What is the greatest common divisor of d and 14?
14
Let l(g) = 4*g - 18. Let y(d) = d - 1. Let w(b) = l(b) - 10*y(b). Let f be w(-5). Calculate the highest common factor of f and 2.
2
Let w be 5/(-10)*2*-10. What is the greatest common factor of 10 and w?
10
Let m be 23 - ((-2)/(-1) + -2). Let u = -14 + m. What is the highest common divisor of 9 and u?
9
Suppose 57 - 168 = -3*k. Let c(z) = -4*z - 3. Let r be c(-2). Suppose -r*n = -k + 2. What is the highest common divisor of n and 56?
7
Let v(b) = 5*b - 18. Let f be v(6). Suppose 5*s - 5*g = 35, 0*s - 3*s = -5*g - 19. Calculate the greatest common divisor of f and s.
4
Let n be 214/8 + 3 + 4/16. Calculate the greatest common factor of n and 12.
6
Suppose 7*n - 4*n - 2*z - 13 = 0, -3*z = -5*n + 22. Suppose 2*v = n*v. Let b be (1 - 2)*(-6 - v). What is the greatest common divisor of 42 and b?
6
Suppose 4 = 5*y + 3*k + 7, -5*y = -3*k - 3. Suppose y = -5*s + 355 - 130. What is the highest common factor of 9 and s?
9
Let l be 6/3 - 2*-8. Calculate the greatest common divisor of 144 and l.
18
Suppose 0 = -3*p - 3 + 24. What is the highest common divisor of p and 28?
7
Let i be 6/4 + 267/6. Let h = 82 - i. What is the greatest common factor of 54 and h?
18
Let x = -4 - -22. Let r = 215 - 203. What is the highest common divisor of x and r?
6
Let j = 215 - -30. Calculate the highest common factor of j and 49.
49
Let l be 11/(-2*(-3)/(-18)). Let d be 2/6 + (-385)/l. What is the highest common divisor of 12 and d?
12
Let q = -83 + 86. Let v be ((-6)/(-7))/((-1)/(-14)). What is the greatest common factor of v and q?
3
Let b be -6*(10/(-4) + -1). Let r be 1*(3 + 3*b). What is the greatest common divisor of 6 and r?
6
Suppose 2*a - 10 = 0, -51 = -0*z - z - 5*a. Suppose 0 = 4*o - z - 38. Let t be (-24)/(-14) + 2/7. What is the highest common divisor of o and t?
2
Let w be ((-30)/4)/(-3)*8. Let g = w + -11. What is the highest common divisor of 1 and g?
1
Suppose 84 = 6*t - 0*t. Calculate the greatest common factor of 154 and t.
14
Let x be ((-27)/9)/(0 - 1). Calculate the greatest common factor of 1 and x.
1
Let i = -47 - -82. What is the greatest common divisor of i and 5?
5
Suppose h + 3*o + 2 = 0, 3*o + 5 = -5